me number?
True
Let y be (-4 - -2) + (-21)/(-3). Let g = 263 + 299. Suppose y*q - g = 183. Is q a composite number?
False
Let a(k) = 64*k**2 - 8*k + 83. Is a(20) a composite number?
False
Let t(i) = 7*i**2 + 4*i + 18. Let p be t(-11). Let u be (1944/90)/(((-2)/(-25))/(-1)). Let n = p + u. Is n a prime number?
False
Suppose -5*v + 14071 = -31*g + 32*g, -2*g = -3*v - 28168. Is g composite?
False
Let d be 15/(-10)*(1 + 1725). Let q = -104 - d. Suppose -m + q = 4*m. Is m prime?
False
Suppose -12*n + 6171 = -153081. Let p = n - 8734. Is p a composite number?
True
Suppose -76*o - 1209843 = -103*o. Is o prime?
True
Let a = -965772 + 1436933. Is a prime?
True
Let y(r) be the first derivative of 13 - 4*r + 148*r**2 - 1 - 7*r + 12. Is y(3) prime?
True
Let p(d) = -7*d + 9*d**2 + d**2 + d**2 - 13. Suppose -12 = -5*w + 3*w - 2*j, -2*j = -3*w + 28. Is p(w) prime?
False
Let w be -210*(-5)/225*-6*-42. Suppose -4*j + 6*j + 2*c - w = 0, j = -5*c + 592. Is j a composite number?
False
Let m be -2*(-1)/(-1) - 2 - -10. Let j = m - 7. Is (209 - j) + (-1 - 1) + 1 a composite number?
True
Suppose -446 = 48*y + 2770. Suppose 30 = -c + 116. Let u = c + y. Is u composite?
False
Let v = 81232 + -19901. Is v a prime number?
True
Let i(m) = -59*m - 143. Let a(c) = c**2 - 5*c - 6. Let o be a(0). Is i(o) prime?
True
Suppose 65391 = 3*t + 5*g, 43586 = 2*t + g + g. Is t prime?
True
Let f(y) = -1. Let q(w) = -331*w - 39. Suppose -m - 2 + 1 = 0. Let o(v) = m*q(v) + 2*f(v). Is o(10) prime?
True
Let s = 191 + -230. Is 13/s*538*-3 + 0 prime?
False
Let a(m) = 1877*m**3 + 23*m**2 - 52*m + 333. Is a(8) a prime number?
True
Suppose 931039 = 15*m + 6*m - 4*m. Is m composite?
False
Let w = -2 - -6. Suppose 41 = w*h + 549. Let d = h - -266. Is d a prime number?
True
Suppose -812 - 735 = 7*d. Let v = d + 349. Let w = v + 413. Is w composite?
False
Suppose -r - 5 = 3*j - j, 5 = -j. Suppose 62 = r*z + 2*m - 2023, m + 5 = 0. Is z composite?
False
Let m be 6/39 - (306/13)/(-3). Let l(h) = -h**3 + 6*h**2 + 16*h + 2. Let f be l(m). Suppose -f*n + 7 = r - 40, 5*r - 5*n = 250. Is r a prime number?
False
Let b be 222/10 - 20/(-25). Suppose 29*l = b*l + 73182. Is l a composite number?
False
Is (-28506)/(-8) - (-25)/(-100) prime?
False
Let o = 5584 + -3649. Let j = 7346 - o. Is j prime?
False
Let p(f) = 2*f - 8. Let i(g) = -g - 6. Let u be i(3). Let s be p(u). Is (s/(-39))/((-2)/(-573)) a prime number?
True
Suppose 20007655 - 5980217 = 122*i. Is i a composite number?
True
Suppose -37 = 3*i - 46. Let q be (-14)/i*9/(-4)*6. Let t = q - 32. Is t a prime number?
True
Let s(c) = 90 + 235*c**2 - 82 + 4*c + 117 + 13*c. Is s(-6) composite?
True
Let j be 24/36 - 39/(-9). Suppose -5*b = -j*n + 182145, 2*n + 2*n - 5*b = 145712. Is n composite?
False
Let r = 5616820 + -4006797. Is r a prime number?
False
Let j(c) = c**3 + 12*c**2 - 12*c + 31. Suppose -14*l - 65 - 61 = 0. Is j(l) composite?
True
Let f(c) = 157*c**3 + 5*c**2 - 3*c - 10. Let d be (3/5)/((-1)/5)*-1. Is f(d) a composite number?
True
Suppose -3*w + 2*i + 256151 = 0, -3*w - w - 4*i = -341508. Is w a prime number?
True
Suppose 9*m + 5016 = -2517. Let y = 3300 + m. Is y prime?
False
Let o(c) = 3*c**2 - 5*c**2 + 121 - 133 - 12*c. Let d be o(-4). Let w(a) = 10*a**3 - 8*a**2 + 6*a + 5. Is w(d) a composite number?
False
Is 11/(429/302497)*(1 - -2) a composite number?
False
Suppose 0 = 4*b, 2 = v + 4*b + 1. Let z(d) = -13 - 7 + v + 19*d**2 + 0 + 7*d - d**3. Is z(18) a composite number?
False
Suppose 20 = 9*g - 4*g. Suppose -g*u + 8 = 3*y, -5*u + 16 = -2*y + 6. Suppose y = -k + 3*k - 326. Is k composite?
False
Suppose 55 - 7 = 4*c. Let n be 9/(-6)*(-64)/c. Is ((-1004)/n)/(4/(-8)) prime?
True
Suppose 0 = -74*a - 66*a + 146*a - 632634. Is a composite?
True
Let s(m) = -m**3 + 15*m**2 - 21*m - 33. Let f be s(14). Is (-2 + f + -6)*-11 a composite number?
True
Suppose 2*k = -2*t - 2, -3*t + 3 = 2*t - 3*k. Is (t + 4 + -2)/((-4)/(-662)) a composite number?
False
Let i(u) = -228*u - 2. Let v = 34 + -20. Suppose 10 = -v*x + 9*x. Is i(x) composite?
True
Let v(d) = 14*d - 10. Let m be v(5). Let l be (-12)/m + 114/(-5). Is (l - -24)/(1/123) a prime number?
False
Suppose -3*u + 14396 = -48351 + 4034. Is u a prime number?
True
Let k(m) = 685*m - 89. Let u be k(2). Let f = u + -902. Is f a composite number?
False
Let d(c) = 4986*c**2 + 360*c - 13. Is d(-10) composite?
False
Let g(p) = -p**3 + 11*p**2 + 10*p + 26. Let l be g(12). Let w(u) = u**2 + 0*u**l - 693*u**3 + 3477*u**3. Is w(1) a composite number?
True
Suppose 138*l - 136*l + 2*r = 1502036, -3*r = 5*l - 3755108. Is l prime?
True
Suppose -t - y = -0*t - 8, -y - 17 = -4*t. Suppose 0*a + t*a + q - 2455 = 0, 3*q + 1964 = 4*a. Let k = a - 20. Is k composite?
True
Suppose -358 - 482 = -4*l. Let x = 182 - 303. Let d = l + x. Is d composite?
False
Suppose 6 = 6*y - 3*y, 5*g = 4*y + 37. Suppose -g*i + 39346 + 20765 = 0. Is i prime?
True
Let u(l) = -3181*l + 696. Is u(-25) prime?
True
Let u(o) = -2 - 30*o**3 + 3*o**2 + 2*o + 10*o**3 + 19*o**3. Let p be u(3). Is p/10 - 207927/(-45) composite?
False
Let s(t) = 48*t**2 - 9*t - 8. Let i(n) = 145*n**2 - 32*n - 26. Let l(p) = -2*i(p) + 7*s(p). Let d(u) = -u - 3. Let o be d(0). Is l(o) composite?
True
Suppose 9849 = 3*u - 38295. Let q = u - 26266. Let m = q + 14881. Is m composite?
False
Suppose 778556 = 4*s + 2*k, 4*s + 4*k - 497919 = 280629. Is s a composite number?
True
Let u = -512 - -510. Is 24354 + 4 + -3 + u + 2 a prime number?
False
Let z(n) = -61*n**3 + 20*n**2 + 7*n + 44. Let r(k) = 15*k**3 - 5*k**2 - 2*k - 11. Let w(u) = -9*r(u) - 2*z(u). Is w(-4) a prime number?
True
Suppose -a - 3*a - 8 = 0, y + a = 0. Suppose -15*q + 633 = m - 17*q, -y*m + 1271 = q. Is m composite?
True
Let a be 3*-6172*5/(-20). Suppose -3*m = -v - 4629, 0*m - 3*v + a = 3*m. Is m prime?
True
Suppose -97342 = -12*b - 2*b. Let z be b/(0/(0 - 1) - -1). Let k = -3854 + z. Is k composite?
True
Let p = 11350 + 252763. Is p a composite number?
False
Is (97997 + -1)*(-17 + 1173/68) prime?
True
Suppose -26*k - 2169 = -4*k - 92501. Is k a prime number?
False
Let g be (-5892)/(-2) - -2*(11 + -9). Is (-36)/(-126) + g/14 a composite number?
False
Let d(z) = z - 1. Let g be d(-5). Let p be 140/30 - (-6)/(-9). Is 14/p*g*145/(-15) a composite number?
True
Is (3 - (-15)/(-6))*59667*(-66)/(-99) a prime number?
True
Let i = 10 + -8. Suppose -z - 207 = -w, -i*w - 422 = -4*w - 2*z. Is w a prime number?
False
Let k(v) = 154*v + 16 + 29*v - 3 + 196*v. Is k(10) prime?
True
Let m = -17598 - -11056. Let v = -3835 - m. Is v a composite number?
False
Let a(b) be the third derivative of 83*b**4/24 - b**3/2 + 16*b**2. Suppose -3 - 19 = -11*u. Is a(u) a composite number?
False
Let l = 370 + 378. Let y = 188 + -141. Suppose 3*a = y + l. Is a a composite number?
True
Suppose -3*v + 936201 = 6*w, -312094 = -2*w - 0*v - 4*v. Is w prime?
False
Let v(o) = -25 + o**2 - 10 + 26*o**2 - 2*o**2 + 33*o. Is v(12) prime?
False
Let a = 1511 + 73582. Is a prime?
False
Let a(q) = -5*q**3 + 32*q**2 + 115*q + 83. Is a(-33) prime?
False
Suppose 40406 = -6*v - 19090. Let h = -5419 - v. Is h a composite number?
True
Let z = 17 - -584. Let p = 371 + -613. Let o = z + p. Is o a composite number?
False
Let s(n) = 1083*n**3 - 205*n**2 - 95*n - 4. Is s(10) a composite number?
True
Suppose h + 8 = 5*h + 2*u, -u + 4 = -3*h. Suppose -2*t - 2 - 6 = h. Is (2 + t)/(-1) + 2 + 961 a prime number?
False
Let h(p) = -p**2 - 31*p - 64. Let n be h(-27). Is 10/(-4) + 141042/n a composite number?
False
Suppose -3*a + 5*p - 3 = 17, 4*p - 16 = 3*a. Suppose s - 20 = 4*u, -4*u = -a*u + 16. Suppose 3*d = s*d + 3*y - 412, 0 = d + 2*y - 411. Is d a composite number?
False
Let w = -9 - -62. Let l(q) = q**2 + 4*q + 2. Let x be l(-5). Let j = w - x. Is j a prime number?
False
Suppose -r + 0*r = 454. Let d be r/(-4) + 0 - (-21)/42. Suppose m - 5*u - 471 = 0, m - 389 = -3*u + d. Is m composite?
False
Suppose 5*i + 115 = -3*d, 0 = -2*i + 5*i - 2*d + 50. Is -8665*(-5 - (i/4 - -1)) composite?
True
Suppose -g + 9380 - 532 = 4*k, -g + 8863 = -k. Is 198/(-27) + 7 - g/(-3) composite?
False
Let s = -56791 - -339050. Is s prime?
False
Let q(g) be the second derivative of -2*g**3/3 - g**2 + g. Let l be q(0). Is 2 - 0 - (l - 1753) a prime number?
False
Let u be (-21*(-379)/3)/(2/(-2)). Suppose -